 - 17. Let o(i) = -3*l(i) - 5*y(i). Give o(-5).
1
Suppose 2*a = -8, -3*y + 4*a + 54 + 49 = 0. Suppose 6*c + y = -1. Let t(w) = -w**2 - 4*w**2 + 6*w - 1 + 6*w**2. What is t(c)?
-6
Suppose 0 = -4*l - 3*b - 11, 4*l + 2*b - 1 = -15. Let h be (9 + -2)*(-4 - l). Let p(w) = 7*w - h - w - 5*w. Determine p(0).
-7
Let c(t) = -t**2 + 4*t + 2. Let w be (0 + 3)*(-5 - -6). Suppose -4*l - 3*d = -7, 5*l + w*d = 2*d + 17. Calculate c(l).
2
Let t(h) = h. Suppose -2*r - 5 = 3*j, -3*r - 2*j = r - 2. What is t(r)?
2
Suppose d - 5*i - 8 = 0, 0 = 2*d + i - 3 - 2. Let y(t) = -t**2 - 4*t**2 - t**3 - t + 6*t + 1 - d. What is y(-6)?
4
Let h(y) = -16*y**2 - 43 + 7*y**2 + 29 + 10*y + 8*y**2. Determine h(10).
-14
Let k(g) = g - 1. Let d(u) = 16*u - 4. Let h(v) = -d(v) + 5*k(v). Give h(-1).
10
Let c(d) = -d - 2. Let s(y) = y**3 + 7*y**2 - 9*y - 3. Let t be s(-8). Suppose -3*l - h - 25 = 2*l, 2*l + t*h - 13 = 0. Give c(l).
4
Suppose 10*g - 12*g + 4 = 0. Let x(r) = -6*r**2 + 2*r + 1. Calculate x(g).
-19
Let j = -14 + 16. Let w(k) = 0*k**2 + 2*k**2 + 2 - 3*k**2 - 2*k + 2*k**j - k**3. Suppose r - 1 = 1. What is w(r)?
-6
Let b(p) = -p. Let s be b(-5). Suppose -4*w - w + 4*m = s, m = -w + 8. Let c(z) = 3*z - 2. What is c(w)?
7
Let y(z) be the second derivative of z**5/20 - 11*z**4/12 + 3*z**3/2 + 5*z**2/2 + 18*z. Determine y(10).
-5
Let k(t) = t**3 + 2*t**2 - 2*t - 4. Suppose -2*o + 5*i - 31 = 0, -2*o - 28 = -o - 5*i. What is k(o)?
-7
Let m(q) = q**3 - 4*q**2 - 3*q - 4. Suppose -5*a + 27 = 2. Determine m(a).
6
Let n(p) = 2*p**2 + 1 - 5*p**3 + 6*p**3 - p - 5*p**2 + 1. What is n(3)?
-1
Let k(a) = 5*a**2 - 9*a + 12. Let c(l) = -l**2 + 2*l - 3. Let n(w) = -9*c(w) - 2*k(w). What is n(3)?
-6
Let c(d) = d + 3. Suppose -2 = -4*n - 14, -2*n - 21 = 3*t. What is c(t)?
-2
Let s(r) = r + 7. Let p be s(-7). Let q(x) = -x - 1. Give q(p).
-1
Let r(k) = -k**3 - k**2 + 1. Suppose -1 = 4*t - 3*t. What is r(t)?
1
Let t(x) = 17*x**2 - 4 - 30*x**2 + 6*x + 14*x**2. Calculate t(-6).
-4
Suppose -5*y + 1 = -4*y. Let x(g) = -9*g**2 + 1. Determine x(y).
-8
Let v = 137 + -140. Let i(k) = k + 1. What is i(v)?
-2
Let a(v) = 20*v**2 + 32*v - 11. Let u(j) = -7*j**2 - 11*j + 4. Let w(d) = -6*a(d) - 17*u(d). Let k be 4 + (-2 - 0) - 7. Determine w(k).
-2
Let b(i) be the first derivative of i**3/3 - 5*i**2/2 + 6*i - 8. Give b(4).
2
Let y(b) = -b + 3. Let u(k) = k**2 + 4*k - 6. Let q be u(-5). Let n be (0 - q)/(3/(-15)). Calculate y(n).
8
Let k(w) = -3*w + 9. Let v be k(4). Let u(f) = -f**3 - 3*f**2 - 2*f - 4. Calculate u(v).
2
Let m(b) = 4*b + 3. Let p be (1/1)/((-1)/4). Let k be ((-2)/p)/((-2)/(-20)). Suppose u = 4*n - 11, 4*u - u = -k*n + 1. Determine m(u).
-9
Let k(n) = 5*n**2 + 0*n - 2 + 3*n - n - 5*n - n**3. What is k(4)?
2
Let i(j) = -1 + 1 + 4*j + j**2 - 5. Suppose 0 = 2*z - 7 - 3. Suppose 10*r = z*r - 25. What is i(r)?
0
Let u be 6/(-2 + (6/2 - 2)). Let q(k) = 2*k + 6. Determine q(u).
-6
Let x(a) = 3*a - 3 + 4*a**3 - 10*a**3 + 7*a**3 - 4*a**2. Give x(3).
-3
Let i(j) = -j**3 + 4*j**2 - 5*j + 4. Let n be i(3). Let x(y) = -2*y**3 - 4*y + 4*y**3 - 3*y**3 - 2 - 3*y**2 - y**2. Determine x(n).
-2
Let o = -22 - -40. Let p be ((-4)/(-6))/(o/(-27)). Let r(d) = 5*d**2 - d + 2. Let u(c) = 10*c**2 - 2*c + 3. Let y(x) = 5*r(x) - 3*u(x). What is y(p)?
-5
Suppose 2*h + 5*g = 21, -h - 3*g = -g - 10. Let q be h/((0 - 6)/(-3)). Suppose -4*i + 3*a = -7 - 13, 3*a + 4 = -q*i. Let f(d) = d**3 - 3*d + 3. Calculate f(i).
5
Let u(y) be the third derivative of 0*y + 2/3*y**3 + 1/24*y**4 + 5*y**2 + 0. What is u(-7)?
-3
Let r(m) = -m**2 - m - 1. Let i be (-2 - 7) + (-2)/1. Let w(h) = -3*h**2 - 2*h - 3. Let g(o) = i*r(o) + 4*w(o). Determine g(3).
-1
Let a(b) be the third derivative of b**6/60 - b**4/24 + b**3/3 - 3*b**2. Let i(j) be the first derivative of a(j). Give i(1).
5
Let u(v) = -11*v. Let n(q) = -6*q + 6*q + q - 1. Let o(i) = 2*i + 3. Let f(r) = -3*n(r) - o(r). Let p(k) = -13*f(k) + 6*u(k). Calculate p(-5).
5
Let b(r) be the third derivative of -4*r**2 + 0*r + 1/8*r**4 - 5/6*r**3 + 1/60*r**5 + 0. Suppose 0 = 3*l - 6, 5*a + 0*l + 18 = -l. What is b(a)?
-1
Let z(p) = p. Let r(a) = -a + 2. Let u(k) = -r(k) - 4*z(k). What is u(-3)?
7
Let d(y) = 2*y**2 - 4*y + 2. Suppose 0 = 5*q - 4*x - 11, 5*q - 6 = -2*x + 11. Let o(w) = -3*w**3 - w - 1. Let s be o(-1). Suppose q = s*i - 3. Give d(i).
2
Let h be (-56)/(-35) - (-4)/10. Let m(v) = -2*v**2 + v + 5*v**2 - 3 - 2*v - h*v**2. Let k be (-44)/(-10) + 2/(-5). Determine m(k).
9
Let h(z) = z. Let r(t) = t**2 + 2*t - 8. Let l be r(-4). Suppose -4*i + l*i + 16 = 0. Determine h(i).
4
Let c(w) = -5*w**2 + 33*w + 15. Let h(x) = x**2 - 8*x - 4. Let b(i) = 2*c(i) + 9*h(i). Let j = -42 + 38. Determine b(j).
2
Suppose -3 = -k - 3*g, -k - 3*g = -8*g + 13. Let i(c) be the second derivative of c**3/6 - 4*c**2 + c. Let o(s) = -7. Let n(r) = -4*i(r) + 5*o(r). What is n(k)?
9
Let t(g) = g**3 - g**2 - 1. Let v be t(2). Let h = v - 1. Let d(k) = -h*k**2 - 3*k**2 + k**3 - 2*k + 1 + 4*k**2. Give d(2).
1
Let g(i) = i**3 - 4*i**2 + 4*i - 3. Suppose y + l - 6*l + 18 = 0, y - 10 = -2*l. Calculate g(y).
-3
Let g(t) = -8*t**3 - 2*t**2 + 1. Let w(d) = -d**2 - 6*d + 6. Let s be w(-7). Let r be (s/(-2))/((-6)/(-12)). Give g(r).
-9
Let n(j) = 5*j**2 + j**3 + 4*j**3 - 6*j**3 + 2 - j. Suppose 10 = 4*d - 10. What is n(d)?
-3
Let n(l) = -l - 8. Suppose 4*w = -11 - 21. Let q be n(w). Suppose 3*h + 1 - 7 = q. Let a(u) = -u**2 - 1. Give a(h).
-5
Let i(v) be the third derivative of -v**5/60 - 5*v**3/6 - 2*v**2. What is i(0)?
-5
Suppose 46 = -5*w + 4*u, -6*w = -2*w - 2*u + 32. Let a(r) = 7*r**2 + 2*r + 15. Let o(n) = -6*n**2 - 3*n - 14. Let p(h) = w*o(h) - 5*a(h). Give p(-6).
-3
Let r(i) = i**2 - 3*i. Let c(q) = q**3 + 5*q**2 - 7*q - 8. Let v be c(-6). Let l be 2/(((-5)/v)/5). Give r(l).
4
Let l(o) = -o**2 - 2*o + 2. Let w be l(-4). Let r(t) = t - 1. Let x(k) = -4*k + 4. Let h(q) = w*r(q) - 2*x(q). Calculate h(5).
8
Let p(m) = 2*m**3 + 3*m**2 + 5*m - 5. Let s(b) = -3*b**3 - 2*b**2 - 5*b + 4. Let u(a) = 4*p(a) + 3*s(a). Give u(7).
-22
Let n(q) = 1 + 2*q**2 + q + 0 - 3 - 4*q. Let v(l) = l**2 - 7*l + 9. Let h be v(6). What is n(h)?
7
Let t(v) = v - 3. Let g be t(6). Let h(r) = g*r + 7 - 3*r + 3*r. Let n(d) = d + 2. Let a(y) = 3*h(y) - 8*n(y). What is a(0)?
5
Let g(b) = -b**3 - 6*b**2 - 7*b - 7. Suppose s - 2 = -7. Determine g(s).
3
Let r be 29*(0 + -3)/3. Let u = 28 + r. Let p(v) = -15*v + 1. Give p(u).
16
Let s = -32 + 52. Suppose -5*f = -f - s. Let g(z) = -z**3 + 5*z**2 + z + 1. Calculate g(f).
6
Let o(b) = 3*b + 18. Let a(l) = -4*l - 19. Let t(g) = -2*a(g) - 3*o(g). Give t(-8).
-8
Let w be 1/4 - (-14)/8. Let v(i) = i**2 + 1. Let m be v(w). Let z(u) be the third derivative of u**4/24 + u**3/6 + 5*u**2. Determine z(m).
6
Let x(k) = -4 - 6*k**3 - 2*k**3 + 5*k**2 + 7*k**3 + 2*k. Calculate x(5).
6
Let c(z) be the second derivative of -z**5/20 + z**4/3 - z**2/2 - 22*z. Determine c(4).
-1
Let w(j) = -37*j**2 + 3*j + 3. Let q(n) = -55*n**2 + 4*n + 4. Let f(m) = 5*q(m) - 7*w(m). Determine f(-1).
-16
Let q be (-2)/4 + 5/2. Suppose 4 = 3*h + 3*a - 2, a = -q*h + 6. Let v(t) be the first derivative of t**4/4 - 2*t**3/3 - 5*t**2/2 - t - 1. Give v(h).
11
Let h(u) = 6*u - 3. Let g(f) = -6*f + 4*f - 7*f + 4. Let z(s) = 5*g(s) + 8*h(s). Let x = 9 - 6. Give z(x).
5
Suppose -3*t - 2*t = -15. Let v be 1/t - (-1)/(-3). Let c be (-4)/2*(-2 + v). Let f(k) = -k**3 + 3*k**2 + 2*k + 5. Determine f(c).
-3
Let o(i) = -i**2 + 10*i - 8. Let p be o(9). Let x(n) = 9*n**3 - n**2. Calculate x(p).
8
Let i(q) be the first derivative of -5*q**4/4 - q**2 + q + 30. What is i(1)?
-6
Let k(t) = 2*t - 5. Let f be ((-108)/90)/((-6)/40). Calculate k(f).
11
Let o(x) = -x**2 + x - 1. Let g = -14 + 16. Calculate o(g).
-3
Let h(g) = -7*g**2 + 0*g**3 - 3*g**3 - g + 10 + 3*g + 2*g**3. Calculate h(-7).
-4
Let d = 1 + -1. Let j be 1/1*(4 - 1). Let h(a) = -a + 0*a**3 - 2*a**3 + a**3 + 5 + 0*a**j. Give h(d).
5
Let x be 17/(-68) + (-2)/(-8). Suppose w - 3*d + 3 = x, -2*w - 5*d + 2*d + 12 = 0. Let r(u) = 2*u - 4. Determine r(w).
2
Suppose 0 = -v + 5*z + 6, -2*v + 5*z = 2*v - 9. Let r(x) = v - 2*x**3 + 2*x**3 - x**3 + 4*x**2 - 2*x. Give r(2).
5
Let q be (2/(-5))/((-28)/420). Let o(f) = -f**3 + 5*f**2 + 3*f + 8. What is o(q)?
-10
Let a(v) = -2*v**2 - v. Let i be 2/2 - 2/1. Let r be i -